 = -2*n - 18. What is the remainder when 26 is divided by w(n)?
12
Let z(j) = 25*j - 12. Let t be z(6). Suppose 51 = -3*k + t. Let f(w) = -w**2 + 8*w - 2. What is the remainder when k is divided by f(6)?
9
Let p = 117 + -82. What is the remainder when 76 is divided by p?
6
Suppose -4*u = -151 + 87. Calculate the remainder when u is divided by (-50)/(-6) + 4/6.
7
Let y(m) = -24*m**3 - m**2 - 3*m - 1. Let d be y(-1). Suppose -3*k = 3*j - 45, 9*j = 11*j + k - d. Calculate the remainder when j is divided by 9.
1
Let d(b) = 9 - 3*b**2 - 2 - 14*b + 2*b**2 + 15. Suppose 0*h = -h + 12. Calculate the remainder when d(-13) is divided by h.
11
Let m(j) be the second derivative of j**5/20 + 7*j**4/12 - 19*j**3/6 - j**2/2 - 20*j. Calculate the remainder when m(-9) is divided by 4.
0
Suppose -228 = -4*k - 4*t, 0*k + 5*t - 41 = -k. Calculate the remainder when 425 is divided by k.
59
Let u(v) = v**2 - 13*v + 20. Let a be u(12). Suppose 10*t - a*t = -4. Let o(r) = -r**3 + 6*r + 7. What is the remainder when 13 is divided by o(t)?
1
Let c = -574 - -588. What is the remainder when c is divided by 6?
2
Let u = 12 + -7. Suppose 5*a + m - 98 = -3*m, u*a + 2*m = 94. Suppose 4*v + 41 - 169 = -4*x, -3*x + 166 = 5*v. What is the remainder when v is divided by a?
17
Suppose -5*a - m = -603, 1 = 5*m - 14. Calculate the remainder when a is divided by 31.
27
Let p(i) = 3*i - 1. Let y be 2342/9 + (-2)/9. Suppose -6*m = -16*m + y. What is the remainder when m is divided by p(5)?
12
Let h = 168 + -85. Let b = 34 - 106. Calculate the remainder when h is divided by ((-8)/(-5))/(b/(-35) - 2).
27
Suppose -31 = 3*q + c, 4*c - 58 = 4*q + 10. Calculate the remainder when 51 is divided by (q/18)/(2/(-3))*13.
12
Let m = 226 + -153. Suppose -3 + 0 = -4*w - 5*p, -4*p - 27 = -w. Suppose w*a - 105 - 28 = 0. Calculate the remainder when m is divided by a.
16
Let g be (-1056)/(-55) - (-1)/(-5). Let u = 24 - g. Calculate the remainder when 14 is divided by u.
4
Let x(u) = 48*u**2 + 43*u + 42. What is the remainder when 178 is divided by x(-1)?
37
Let i = 1509 + -1448. Calculate the remainder when i is divided by 56.
5
What is the remainder when ((-6)/(12/4))/2*-406 is divided by 12?
10
Let c(x) = -18*x - 7. Let m = -31 - -29. Calculate the remainder when 86 is divided by c(m).
28
Let q be (31 - 0) + 3/(-1). What is the remainder when 3984/q - (-4)/(-14) is divided by 11?
10
Let w(k) = -k + 150. Suppose 3*x = -5*c + 165, 2*c - 156 = -x - 2*x. Calculate the remainder when w(-48) is divided by x.
48
Suppose -17 = -2*o - 1. Let p be (94/o)/((-3)/(-12)). Let v = -9 + p. What is the remainder when v is divided by 10?
8
Suppose 0 = -9*g + 6*g + 219. Let k(u) = -u**2 - 9*u + 4. Let r be k(-7). Calculate the remainder when g is divided by r/1 - (-5)/5.
16
Calculate the remainder when (-46)/46*(-1 + 2) - -694 is divided by 24.
21
Suppose -o - 6*n = -43 - 23, -o + 2*n = -26. Let a(z) = z**3 - z**2 + z + 20. Calculate the remainder when o is divided by a(0).
16
Let p be (17 + -8)*(4/6)/1. Suppose -4*c + 95 = 5*g, -4*c + 14 = -p. Calculate the remainder when 27 is divided by g.
12
Calculate the remainder when (36/10)/((-70)/(-525)) is divided by 6.
3
Suppose -8877 = -86*u + 14515. Calculate the remainder when u is divided by 25.
22
Let h be -2 - (-2 - -17)/(-3). Let m(j) = 5*j + 7. What is the remainder when 86 is divided by m(h)?
20
Suppose 0 = -2*p + 2*n + 70, 13*p - 2*n = 6*p + 255. Suppose 0 = 2*x - k - 293, -3*k + 347 = -4*x + 934. What is the remainder when x is divided by p?
35
Let i(u) = 38*u - 215. What is the remainder when 51 is divided by i(6)?
12
Calculate the remainder when 140/30*((-624)/(-28))/2 is divided by 20 + 2*(-2 + 1).
16
Let o be 9/(-6)*(-10)/3. Suppose -5*r + 15 = -8*r, 0 = -a + o*r + 49. Calculate the remainder when a is divided by 14.
10
Let v(t) = t**3 + 12*t**2 - 3*t - 23. What is the remainder when 87 is divided by v(-12)?
9
Suppose 5*d = 3*m + 1359 - 247, -2*d + 4*m = -442. Suppose 5*y - d = -5*l - 48, -y = 5*l - 167. Calculate the remainder when 131 is divided by l.
32
Let b be (-2)/3 + 177/9. Let v = -13 + b. Calculate the remainder when (-1314)/(-33) - v/(-33) is divided by 21.
19
Let v(s) = -4*s - 10. Calculate the remainder when 2/(2072/343 - 6) is divided by v(-6).
7
Suppose 2*s - 96 = -6*s. Suppose s = -4*g, -r - 6*g = -3*g - 99. What is the remainder when r is divided by 37?
34
Suppose 0 = 5*n + 5, 2*t - 5*n = -8*n - 39. Let m = 3 - t. What is the remainder when 62 is divided by m?
20
Let w(y) = y + 1. Let q be w(1). Suppose 64 + q = 6*d. What is the remainder when d is divided by 3?
2
What is the remainder when 37 is divided by (0 - (44/28 - 3))*7?
7
Let u(f) = -f**2 - 3*f + 94. Calculate the remainder when 213 is divided by u(7).
21
Let q(i) be the second derivative of -2*i**3/3 - 3*i**2 + 12*i. Calculate the remainder when q(-8) is divided by 5.
1
Suppose -73*g = 324 - 6383. What is the remainder when 295 is divided by g?
46
Suppose -153 = -2*x - s, 0*x - s = 5*x - 381. Suppose 0 = -2*v + x - 2. Calculate the remainder when v is divided by 20.
17
Let d = 22 + -26. Calculate the remainder when ((-7)/2 - d)*124 is divided by 21.
20
Let z be (-44)/(-110) - (-407)/(-5). Let y = z - -101. What is the remainder when 54 is divided by y?
14
Let y = -97 - -91. What is the remainder when ((-8)/(-3))/(-6*y/324) is divided by 13?
11
Suppose 0 = -3*o + 6*o - 231. Let c = 34 - 8. What is the remainder when o is divided by c?
25
Suppose -11 = -p + 6. Calculate the remainder when p is divided by 2*(2 + 0)*(-5)/(-20) - -6.
3
Let l be (-5)/((-10)/(-34)) - 2. Let b = l - -31. Suppose -2*q - b = -6*q. What is the remainder when 7 is divided by q?
1
Let z(a) = 3*a**3 + 30*a**2 - a + 7. What is the remainder when 99 is divided by z(-10)?
14
Let q(j) = 6*j - 9. Let n(f) = -6*f + 3. Let b be n(-3). Let z = -10 + b. What is the remainder when q(5) is divided by z?
10
Let y(r) be the first derivative of 5*r**2 + 6*r + 24. Calculate the remainder when y(7) is divided by 27.
22
Calculate the remainder when 143 is divided by (77/(-11))/(1*3/(-9)).
17
What is the remainder when 88 is divided by ((-66)/(-4) + 0)*(122 + -118)?
22
Let p be ((-4)/(-3))/((-4)/102). Let l = -25 - p. Calculate the remainder when 27 is divided by l.
0
Let y = 8 + 43. Let d(t) = t**3 - 5*t**2 + 2*t - 3. Let u be d(3). Let w = u + 28. Calculate the remainder when y is divided by w.
12
Let u(r) be the third derivative of -r**4/12 + r**3/3 - r**2. Suppose 3*n - 7 = 92. What is the remainder when n is divided by u(-5)?
9
Let o be 1*-1 + (-4 - -1). Suppose -4*x + 5*u = -20, 3*x = x - 4*u + 36. What is the remainder when (-1)/(-1) - 152/o is divided by x?
9
Suppose -3*u + 365 = 2*n, -8*n + 938 = -3*n - u. What is the remainder when n is divided by 48?
43
Suppose 51 = g - 15. Suppose 5*c + 3*k - 9 - 8 = 0, -3*c + 5*k - 17 = 0. Let n = 24 - c. What is the remainder when g is divided by n?
20
Let a = 120 - 112. What is the remainder when 9/6 - 100/(-8) is divided by a?
6
Let y = 14 - 7. Let w be 16/(-56) - (-30)/y. What is the remainder when 22/w*(1 - -3) is divided by 6?
4
Suppose 3*b - 3 = -2*v, -2*b + 15 = -5*b. Suppose -25 = 2*t - v. Calculate the remainder when 26 is divided by ((-21)/(-12))/((-2)/t).
5
Let f = -26 - -68. Let a(o) = o**3 - 3*o**2 + 6*o - 7. What is the remainder when f is divided by a(3)?
9
Suppose 26 = 5*f + 1. Suppose -10*n - 1 + 41 = 0. Calculate the remainder when 49/n - 39/(-52) is divided by f.
3
Let t be 2/6 + 14/3. Let x be (29/(-29))/((-2)/226). Suppose 5*z + 85 = 4*d, -5*d - z + x = -t*z. Calculate the remainder when 72 is divided by d.
22
Let i be ((-5)/(-10))/((-2)/(-180)). Suppose -4*l - 44 - 9 = -5*p, 5*l - 2*p + i = 0. What is the remainder when (-1)/(1 + 0) - l is divided by 4?
2
Let v = 186 + -111. What is the remainder when v is divided by 27?
21
Let v(j) = j**3 - 7*j**2 + 6*j. Let c = -1 + 7. Let n be v(c). Suppose n = -9*a + 4*a + 255. Calculate the remainder when a is divided by 18.
15
Let b(p) = 2*p**3 - 14*p**2 - 82*p + 7. Calculate the remainder when 346 is divided by b(11).
54
What is the remainder when 171 is divided by (-25)/(-10)*(-9 + (-516)/(-20))?
3
Let t = 327 - 256. What is the remainder when t is divided by 11?
5
Let m(j) = j**3 - 10*j**2 + 12*j - 29. Let u be m(9).